et o(g) = g**3 - 6*g**2 + 7*g - 1. Let b be o(5). Suppose -b*v + 13 + 86 = 0. Let k(f) = -7*f**2 - 3*f + 6*f - v + 5 + 8*f**2. What is k(-6)?
12
Let q(m) = -3*m + 1. Suppose -6*p = -p - 80. Let k(a) = -a**2 + 17*a + 2. Let z be k(p). Suppose 13*s - 5 + z = 0. Give q(s).
4
Let f be -10 - (7 + -15)/1. Let t(q) = 7*q**2 + 2*q + 2. Let k(s) = -s**2. Let u(y) = -6*k(y) - t(y). What is u(f)?
-2
Let k(s) = 2*s**2 - 5*s - 8. Let d be k(4). Suppose d = -3*f - f. Let w be -4 + f/(-1)*5. Let y(t) = 5*t. Give y(w).
5
Let w(i) = i + 9. Let m(j) = 2*j**2 + 29*j + 54. Let t(v) = -2*v**2 + 20*v - 12. Let g be t(10). Let b be m(g). Give w(b).
3
Let c(y) = -y**3 + 8*y**2 - 8*y + 12. Let j = 42826 + -42819. Calculate c(j).
5
Let c(v) = 5*v**2 + 72*v + 28. Suppose 0 = -3*w + 21, 5*b + 65 + 12 = w. Determine c(b).
0
Let x(l) = 3*l**3 - 3*l**2 - 5*l - 7. Let k be x(-3). Let a = k + 95. Let f(v) be the third derivative of v**4/24 + v**3/3 + 6*v**2. Give f(a).
-3
Let s(u) = u + 1. Let l = 13 + -8. Let r be l - (6 + -5 + 4). Suppose -5*c - 5*b + 5 = r, 4*c - 10*b = -12*b + 10. Calculate s(c).
5
Let y = -16 + 18. Let a(x) be the third derivative of x**6/24 - x**5/20 + 73*x**2. Calculate a(y).
28
Let k be (-3 - (-6)/1) + -1*1. Let n(b) = -400*b**k + 6 - 10*b + 202*b**2 + 199*b**2. Let y(f) = 2*f - 8. Let j be y(6). Determine n(j).
-18
Let x be -4*(1 - (-3)/(-2)). Let v(y) = 4*y**2 - 13*y + 24. Let z(h) = h**2 - 3 - 2 - 5 + 6*h - 5*h**2 + 2*h**2. Let b(k) = -2*v(k) - 5*z(k). Calculate b(x).
2
Let h = -216 - -228. Let o(f) = 6*f - h*f - 7 + 7*f. Calculate o(9).
2
Let x(f) be the third derivative of f**5/3 + f**4/3 + 3*f**3/2 + 678*f**2 - f. Give x(-1).
21
Let i(x) be the second derivative of x**3/6 + 11*x**2/2 - 2299*x. Suppose -4*y + 23 = -33. Give i(y).
25
Suppose -3*d + 75 = n - 24, 4*d + n - 133 = 0. Let l(i) = -7 - 15*i**2 - 7*i**2 + 5*i - 11*i**2 + d*i**2. What is l(-6)?
-1
Let g(k) = -k**3 - 27*k**2 - 52*k - 45. Let y be (-5)/(-6)*(-27 + -16 - -13). Determine g(y).
5
Let a(n) be the first derivative of -n**3/3 - 3*n**2 + 25*n - 752. What is a(-8)?
9
Suppose p = 2*t + 21 - 23, -35 = -5*p + t. Let c(g) = -g**3 + 8*g**2 - 9*g + 23. What is c(p)?
-49
Let m(q) = 5*q + 1. Let l(u) = -42*u - 8. Let x(d) = l(d) + 8*m(d). Suppose 3*s + 16 + 20 = 0. Let k = s + 8. Calculate x(k).
8
Suppose 0 = h - v - 10 - 10, 0 = -2*h - 4*v + 58. Let z(w) = 0*w**2 + 4*w**2 + 24*w - h*w - w**3 - 5 - 3*w**2. Let o be z(0). Let s(u) = -u + 7. What is s(o)?
12
Suppose k + 7*k + 312 = 0. Let o = k + 40. Let s(z) = 0*z + 2*z + o - 4. Determine s(3).
3
Let w(c) be the first derivative of -10*c**2 + 46*c - 3503. Calculate w(2).
6
Let l(m) = 4*m - 3. Suppose 7*r - 2*r + 3*h = 3825, 0 = 4*r - h - 3043. Suppose 81 = -771*q + r*q. What is l(q)?
-39
Let z = 2 + 2. Let v(x) be the third derivative of 1/20*x**5 - 1/120*x**6 - 4*x**2 + 0 + 1/24*x**4 + 0*x**3 - 7*x. Determine v(z).
-12
Let j(h) = -h**2 + 9. Suppose 0 = 24*v - 1479 - 2265. Suppose 42*y - 3*y = v. Calculate j(y).
-7
Let n be 6*1 + 1 - 24*24/(-96). Let b(l) = l**2 - 10*l - 41. What is b(n)?
-2
Let n be -7*(-36)/315 + (-312)/15. Let b(t) = -t**2 - 14*t + 118. Calculate b(n).
-2
Let t(x) = -3*x + 14. Let c = 80 - 73. Give t(c).
-7
Let m be (7/3 + -2)*3. Let a(x) = 16*x + 13. Let t(g) = g. Let i(p) = a(p) - 2*t(p). Let b(n) = 3*n + 3. Let j(z) = -9*b(z) + 2*i(z). Calculate j(m).
0
Let t(n) be the second derivative of -n**4/12 - 2*n**3/3 + 3*n**2/2 + 6*n. Let j = -42 - -62. Suppose u - p = -6*p + 23, -4*u + j = 2*p. Give t(u).
-18
Let a(m) = 5*m**2. Let n be a(1). Suppose n*w - 15 = 2*w. Suppose -4*o - w = -1. Let b(v) = v**3 + v**2. Calculate b(o).
0
Let s be (-40)/(-15) - (10 - 0)/10. Let o(j) be the first derivative of 38 + 4*j - 1/2*j**2 - s*j**3 - 1/4*j**4. Give o(-5).
9
Let l(x) = 2*x + 27. Let i(u) = -u - 14. Suppose -12*h = -14*h - 4. Let k be 2/h*(3 + -1). Let s(t) = k*l(t) - 5*i(t). What is s(0)?
16
Let j(g) be the first derivative of -g**4/8 + g**3/3 + 6*g**2 - 2*g + 159. Let k(n) be the second derivative of j(n). Calculate k(-1).
5
Let j(g) = g**3 + 5*g**2 - 4*g - 6. Suppose -21*i = 415 + 404. Let z be (2873/i)/13 + 1/(-3). What is j(z)?
-18
Let v(k) = k**2 + 3*k - 5. Let f be v(2). Let h(t) = f - 15*t**2 + 6*t**2 + 3*t - 7*t**3 + 8*t**3 + 3*t**2. What is h(6)?
23
Let m(l) = -l**3 - 4*l**2 + 10*l - 9. Suppose g = -2*k - 2*g + 80, 4*k + 4*g = 168. Let d = -52 + k. Calculate m(d).
3
Let a(h) be the second derivative of -3*h**5/20 + h**2/2 - 9876*h. Suppose -4*c = -8*c + 4. What is a(c)?
-2
Let x(j) = -j**3 - 3*j**2 + j + 5. Let v be 21/3 + 200/(-20). Determine x(v).
2
Let y(j) = -8*j + 8. Let d(n) = 41*n - 33. Let w(u) = 2*d(u) + 11*y(u). Calculate w(13).
-56
Suppose -2*f - f = -6. Let h(r) = 2*r**2 - 4*r - 3. Let s(y) = 17*y + 8 - 8*y**2 + 18 - 13. Let o(t) = f*s(t) + 9*h(t). Determine o(2).
3
Let a(l) = -l. Let r(p) = -p**2 - 6*p + 1. Let q(b) = 5*a(b) - r(b). Suppose 0 = -709*x - 130*x. Determine q(x).
-1
Let s be (10/(-7))/((-18)/(-15 + -111)). Let c(b) = b**3 + 9*b**2 - 12*b - 9. Calculate c(s).
11
Let z(u) = -7 + 3*u + 6 + 5. Suppose 115*l - 40 = 116*l. Let o be (40/l)/(-1 - (-8)/6). Calculate z(o).
-5
Let f(u) be the third derivative of u**5/30 + 2*u**4/3 + 13*u**3/2 - 5587*u**2. What is f(-6)?
15
Let w = 7640 + -7661. Let c(g) = -g**2 - 28*g - 143. Determine c(w).
4
Let c = -89 - -89. Suppose -3*h + 8 = h. Let m(r) = -3*r - r - 2*r**h - 12 + 3*r**2 + 3*r. Give m(c).
-12
Let z(l) = -l**2 + 6*l + 1. Let b(d) = 2*d - 1. Suppose -5*s + 8 + 2 = -5*k, k + 10 = 5*s. Let q(p) = s*b(p) - z(p). Determine q(-3).
12
Let j = -1213 + 1217. Let w(h) be the second derivative of -h**3/3 + 5*h**2/2 - 3*h. Give w(j).
-3
Let h = 52 - 50. Let l(z) = 3*z + 0*z**h + z**3 - 3 - 5*z + 6*z - 2*z**2. Suppose -12 = -15*m + 18. Give l(m).
5
Suppose 0 = -27*o + 33*o + 36. Let l(v) = -2*v**2 - v - 4. Let p(k) = 3*k**2 + k + 7. Let b(t) = 5*l(t) + 3*p(t). Calculate b(o).
-23
Let f(h) be the second derivative of -h**3/3 - 47*h**2/2 + 8491*h. Give f(6).
-59
Let f(v) = -v**2 - 3*v - 13. Let p(z) = -z**3 + 42*z**2 - 442*z + 35. Let j be p(20). What is f(j)?
-23
Let y(v) be the third derivative of -v**8/6720 - v**7/1680 - v**6/240 + 7*v**5/4 + 96*v**2. Let p(m) be the third derivative of y(m). Calculate p(3).
-39
Let w(t) = -59*t + 17 - 20*t**3 + 2*t**2 + 28*t + 19*t**3 - 5*t**2 + 38*t. Calculate w(-4).
5
Suppose -7*c - 36 = 2*c. Let b(s) = s + 4. What is b(c)?
0
Let c(u) = u**2 - u - 1. Let g = -15 - -16. Let h be g + -1 + 21/(-3) + 8. Let v(x) = 7*x + 5. Let q(d) = h*c(d) + v(d). What is q(-6)?
4
Suppose -89 = 69*u + 49. Let m(o) = 0*o + 2 + 2*o + o + 0. Give m(u).
-4
Let i(r) = -19*r + 6. Let f(q) = 8*q - 3. Let x(l) = 5*f(l) + 3*i(l). What is x(-1)?
20
Let m(r) = -155*r + 4075. Let t(d) = -12*d + 310. Let y(c) = -3*m(c) + 40*t(c). Determine y(11).
10
Let r(u) = 75 - 188156*u - 25 + 188129*u. Calculate r(2).
-4
Let j(p) be the third derivative of -3*p**4/8 - 4*p**2. Let n be (-2)/(-28) - ((-15114)/(-308) + -47). Calculate j(n).
18
Let i(z) = -z - 39. Suppose 157*c - 405 + 1818 = 0. Give i(c).
-30
Let a(y) be the third derivative of y**5/60 + 3*y**4/8 - y**3/2 - 3275*y**2. Calculate a(-9).
-3
Let p(w) be the third derivative of -w**4/12 + 15*w**3/2 + 1691*w**2. Give p(24).
-3
Let c(g) = -24*g**3 + 2*g**2 + 8*g - 9. Let i(y) = 10*y**3 - y**2 - 3*y + 4. Let q(x) = 2*c(x) + 5*i(x). Give q(-1).
-2
Let p(x) = 2*x + 2. Suppose -31*s + 26*s = 0. Suppose 6*w + 6*w + 48 = s. Calculate p(w).
-6
Let p(z) = 2*z**2 + 4*z - 6. Let g be p(-3). Let d be 1*6 + -3 + g. Suppose -29 = -d*l - 35. Let i(y) = 4*y**2 + y - 2. Calculate i(l).
12
Let m(g) = g**2 + g - 1. Let n(i) = 3*i - 56 - 50 + 2*i**2 - i + 26*i**3 + 104. Let o(l) = -3*m(l) + n(l). What is o(1)?
25
Let p(z) be the first derivative of z**3/3 + 3*z**2 - 25*z + 680. Give p(-8).
-9
Suppose -2*g + 5*g - 81 = 5*j, 0 = 4*g - 5*j - 103. Let n = -16 + g. Let t(l) = -4 + 0 - 1 + 3*l - 3. What is t(n)?
10
Let g(q) = q + 5. Let x = 153 - 110. Suppose 3*p + 2*l + 25 = 3*l, x = -5*p + 3*l. Calculate g(p).
-3
Let v(h) = 4 - 13 + 12*h + 22*h + 3 + 4. Let p(j) = 5*j - 6*j - 1 + 18*j. Let u(a) = -7*p(a) + 3*v(a). Determine u(1).
-16
Let l(z) = -z**2 - z + 117. Let j be l(-11). Let r(t) = -6*t**3 - 100*t - 3*t**2 + 100*t + j*t**3. Ca